 t(r) = c*u(r) - j(r). What is the units digit of t(0)?
4
Let w(z) be the third derivative of -17*z**4/12 + 15*z**3/2 + 32*z**2. What is the units digit of w(-5)?
5
Suppose -4*a + 3*a + 148 = 2*z, -5 = z. Suppose -5*w + a + 86 = -i, 3 = 3*i. What is the tens digit of w?
4
Let h = -30 + 46. Suppose 2*i + h = 6*i. Suppose -i*g + 6*g - 10 = 0. What is the units digit of g?
5
Let f(r) = r**2 - r - 31. Let y be f(0). Let x = -27 - y. What is the tens digit of 7/28 - (-47)/x?
1
Let a = -3280 - -5106. What is the thousands digit of a?
1
Let o(n) = 2*n**2 - 5*n + 1. Let c be o(3). Suppose 2*h - 5*h = 5*s - 362, 289 = c*s + 3*h. What is the tens digit of s?
7
Let l(z) = -z - 2. Let m be l(-6). Suppose 7 = -m*w - 25. Let j = w + 31. What is the tens digit of j?
2
Let q = 295 + -145. Let k = -54 + q. What is the tens digit of k?
9
Suppose -16*x + 5*s = -18*x + 2005, 4*s = 12. What is the tens digit of x?
9
Suppose 5*u - k = 5, 4*u + 4*k + 5 = 9*u. Suppose q - 4 = -u. Suppose -5*w = q*x - 206, 6*x - 10 = x. What is the units digit of w?
0
Let k = 16967 - 2432. What is the tens digit of (-8)/(-14) + (k/21)/5?
3
Let p = 175 - 30. What is the units digit of p?
5
Let f = -72 + 84. Suppose 16*i = f*i + 476. What is the hundreds digit of i?
1
Let k be (-44)/110 + 172/5. Let i = k + 28. What is the units digit of i?
2
What is the thousands digit of (-2)/((-6)/8423) + 159/477?
2
Let b be 6/(-30) - (-2)/10. Let l = b - 2. What is the units digit of (4 - l)*(-2)/(-3)?
4
Let t = 8 + 8. Suppose -t + 6 = -2*m. What is the units digit of m?
5
Let s(o) be the first derivative of 2*o**2 + 12*o + 2. Let g(b) = -b + 1. Let u(t) = 5*g(t) + s(t). What is the tens digit of u(-12)?
2
Let g(w) = w**2 - 3*w + 8. Let k = -43 - -36. What is the tens digit of g(k)?
7
Suppose 288 = -c + 5*c. Suppose 0*g - c = 6*g. Let x = g - -16. What is the units digit of x?
4
Let c be 36/(-24) + 42/4. What is the units digit of (-64)/(-12)*c/6?
8
Let j(i) = 294*i**2 - 30*i + 132. What is the thousands digit of j(4)?
4
Let r = -6 + 16. Let d = -6 + r. Suppose -d*z + 2*k + 102 = 0, 3*z - 3*k + 0*k = 84. What is the tens digit of z?
2
Suppose -4*w = 0, -5*d + 116 = w - 1504. Suppose 0 = 4*r - 2*x - 460, -2*r + d = 2*x + 88. What is the tens digit of r?
1
Let o(t) = 56*t**2 + 8*t + 2. Let i be o(-2). Let d be ((-56)/(-21))/(4/i). Suppose -30*u = -34*u + d. What is the tens digit of u?
3
Suppose 24 = -5*w - w. What is the hundreds digit of 139 - (-4)/(w - 0)?
1
Let n(y) = 181*y + 67. What is the units digit of n(22)?
9
Let d(m) = -35*m + 568. What is the hundreds digit of d(-11)?
9
Let x(c) = 7*c**2 + 21 - 15 + c - 13. What is the tens digit of x(4)?
0
Let v be -1*(-1)/2*4. Let m(b) = 21*b**2 - 4*b + 3. Let z be m(v). Suppose -2*k = -2*x + 44, -3*x = -k - z + 21. What is the tens digit of x?
1
Let l(i) = -14*i + 230. What is the hundreds digit of l(0)?
2
Let i(s) = s**2 - 10*s + 5. Let b be i(12). Let h = 56 - b. What is the tens digit of h?
2
Let w = -86 - -92. What is the hundreds digit of (-21987)/(-135) + w/45?
1
Let f(i) = 4*i + 111. What is the units digit of f(13)?
3
Let y = -560 + 2879. What is the thousands digit of y?
2
Let u = 1450 + -464. What is the tens digit of u?
8
Let g be (4/(-8))/((-2)/20). Suppose g*i + 48 = -17. Let n = i - -22. What is the units digit of n?
9
Suppose 0 = -13*a + 32*a - 47177. What is the units digit of a?
3
What is the tens digit of 3/6 + (-867)/(-2)?
3
Let m(t) = 14*t + 5. Let p be 8 - ((-5 - -14) + -4). What is the units digit of m(p)?
7
Let q = 369 + 1654. What is the hundreds digit of q?
0
Suppose q + 4*o = 2856, 2*q - 4*q = 5*o - 5718. What is the tens digit of q?
6
Let h(i) = 2*i + 1. Let t be h(3). Let s = t + -7. Suppose 191 = 5*r + 2*a, -r + s*a = a - 40. What is the units digit of r?
7
Let h = 3 + 17. Suppose 4*o - j = 209, j + h = -3*j. What is the tens digit of o?
5
Suppose w - 7 = z + 3*z, 0 = -w - 4*z - 9. Let s(b) be the second derivative of b**4/2 + b**3/6 + b**2/2 - b. What is the units digit of s(w)?
6
Suppose 0 = h + p - 1012, 0*p + 5060 = 5*h - 4*p. What is the tens digit of h?
1
Let n = 2191 + 2125. What is the tens digit of n?
1
Let f be -39*(4 - 48/9). Let r = f - 12. What is the tens digit of r?
4
Let z = 3 + 63. What is the units digit of (27/6 + -4)*z?
3
Let l(i) = -i**2 + 29. Let c be l(-5). What is the tens digit of 30 + (c/(-6))/((-6)/(-9))?
2
Let z(w) = 2*w**3 - 10*w**2 + 13*w + 11. What is the tens digit of z(6)?
6
Let i be (-174)/(-21) - (-1)/14*-4. Let j = i + 129. What is the tens digit of j?
3
Let t(q) = -4*q**3 - q**2 - 9*q + 7. Let u(o) = -5*o**3 - 2*o**2 - 10*o + 7. Let l(m) = 6*t(m) - 5*u(m). What is the units digit of l(-5)?
2
Suppose 3*l = -t + 4781, 1599 = l + 5*t - 2*t. What is the thousands digit of l?
1
Let a(v) = 10*v**2 + 32*v - 78. What is the hundreds digit of a(-12)?
9
Suppose 3*t - 15 = s - 3*s, -2*s = -2*t. Let d be 1/t + (-1640)/60. What is the units digit of 36/d*30/(-1)?
0
Let x = 57 + -65. What is the hundreds digit of 2/x - -2*4145/40?
2
Suppose 3*m - 13 = -3*w + 2*w, 0 = -w - 2*m + 8. What is the units digit of (-13)/((w/(-3))/(14/(-3)))?
1
Let l(i) = i**3 + 25*i**2 - 52*i - 38. What is the hundreds digit of l(-25)?
2
What is the hundreds digit of (33/(-6))/11*-514?
2
Suppose 21*o - 34758 = -6954. What is the units digit of o?
4
Suppose -3*u + 635 = l, -3*u - 2*l = -6*u + 629. What is the tens digit of u?
1
Let o(l) = -l**3 - 15*l**2 + 12*l + 13. What is the hundreds digit of o(-17)?
3
Let t = 135 - 68. Let j = t + -43. What is the tens digit of j?
2
What is the units digit of (-9)/15 + 27741/35 + 8?
0
What is the tens digit of (-274824)/(-84) + 1 - (-4)/14?
7
Suppose -2*j = -3*l - 2039, 4*j - 3891 = -5*l + 220. What is the units digit of j?
4
Suppose -3*p + 290 = -142. What is the units digit of p?
4
Let s(l) be the third derivative of l**5/60 + 7*l**4/12 + 3*l**3/2 - 11*l**2. Let m be s(-14). Suppose m*z = 10*z - 38. What is the tens digit of z?
3
Suppose 4*l + 43 = -3*y - l, 5*l - 45 = 5*y. Suppose 8*u - 85 = 13*u. Let f = y - u. What is the units digit of f?
6
Let k(g) = 8*g - 379. What is the units digit of k(55)?
1
Suppose -3*p = p + 3*w - 28, -3*p + 4*w = 4. Suppose 0*z = p*z - 112. Suppose -2*s = -s + 5*f - z, -38 = -2*s - f. What is the tens digit of s?
1
What is the tens digit of (60/50)/(0 - (-15)/13850)?
0
What is the tens digit of 504/(-108)*936/(-7)?
2
Let m(l) = 60*l**2 + 64*l**2 - 116*l**2 - 13 + 11*l. What is the units digit of m(3)?
2
Suppose 3 - 1 = m. Suppose 0 = -m*j + 15 + 3. What is the units digit of j?
9
Suppose 2*f - 2733 = -f + v, v + 3 = 0. What is the hundreds digit of f?
9
Let s = 6 + -1. Suppose -2*t - s = 3*t. What is the tens digit of t*(-9 + 3 + -5)?
1
Let y be 4/30*-3*25. Let q = y + 52. What is the tens digit of q?
4
Let s(g) = -g**2 - 8*g + 1. Let d(w) = -w**3 - w**2 + w + 2. Let n be d(2). Let o be s(n). What is the units digit of (-27)/(-2) - o/(-2)?
4
Let l = -91 - -88. Let o(k) = -45*k - 1. What is the tens digit of o(l)?
3
Suppose -2*f = -102 - 234. What is the hundreds digit of (63/18)/(3/f)?
1
Let f = -3 + 5. Let l be 3/f*96/9. Let k = 37 - l. What is the units digit of k?
1
Suppose 0 = k - 0*x + x - 82, 5*x + 346 = 4*k. Suppose 2*s - 5*s + k = 0. Suppose -s = -4*m + 52. What is the tens digit of m?
2
Suppose -2*t = 2, -2*x + 2*t - 374 = 2*x. Let f(k) = k**3 - k**2 - 7*k - 5. Let u be f(6). Let b = x + u. What is the units digit of b?
9
Suppose 0 = 5*a - 3*a + 8, -1435 = -5*b + 5*a. What is the units digit of b?
3
Let b be (-2 + 0 - -2)/(13 + -11). Suppose 5*o - 881 + 261 = b. What is the tens digit of o?
2
What is the units digit of (1 - 202/(-10))*50?
0
Let w(k) = -2*k + 0*k + 2*k**2 + 0*k + 5. Suppose 37*c - 78 = 11*c. What is the units digit of w(c)?
7
Suppose -t - 1514 = -18*x + 17*x, -4*x - t = -6041. What is the units digit of x?
1
Let n(m) = 11*m + 19*m + 31*m - 22*m - 2. Let z be 2/(-2*1)*-1. What is the tens digit of n(z)?
3
What is the tens digit of ((-168)/(-140))/((-4)/(-1310))?
9
Let j(y) = 2*y - 2*y**2 + 1 + 9*y**3 + 5*y**3 - 15*y**3. Let a be j(-4). Let m = 18 + a. What is the tens digit of m?
4
Let s = 48 + -42. Let q(w) = w**3 - 7*w**2 + 8*w - 11. What is the units digit of q(s)?
1
Let s be (2/(-4))/(11/(-176)). Suppose 2*y - 4*m = -14, 3*m